{"id":42,"date":"2016-05-31T11:44:09","date_gmt":"2016-05-31T09:44:09","guid":{"rendered":"http:\/\/asesoriadeportiva.es\/?page_id=42"},"modified":"2025-09-23T14:26:12","modified_gmt":"2025-09-23T12:26:12","slug":"servicios","status":"publish","type":"page","link":"https:\/\/asesoriadeportiva.es\/?page_id=42","title":{"rendered":"Servicios"},"content":{"rendered":"<p>En\u00a0<strong>AD, Asesor\u00eda Deportiva\u00a0<\/strong>estamos\u00a0especializados en los siguientes campos:<\/p>\n<h2><strong><span style=\"color: #ff0000;\">Asesor\u00eda Deportiva ADMINISTRATIVA<\/span><\/strong><\/h2>\n<p>hacemos por ti todo lo relacionado con el asesoramiento, preparaci\u00f3n y tramitaci\u00f3n de las obligaciones administrativas que correspondan a tu club o federaci\u00f3n, peri\u00f3dicas o espor\u00e1dicas, ante las Administraciones Estatales, Auton\u00f3micas y Locales.<\/p>\n<p>As\u00ed mismo, como expertos en gesti\u00f3n de instalaciones deportivas, preparamos proyectos viables, en el objetivo de la rentabilidad deportiva y econ\u00f3mica.<\/p>\n<p><span style=\"color: #339966;\"><strong>\u00bfEn qu\u00e9 podemos ayudarte?<\/strong><\/span><\/p>\n<ul>\n<li>Tr\u00e1mites con la Administraci\u00f3n deportiva. Altas de clubes y asociaciones deportivas.<\/li>\n<li>Redacci\u00f3n de Estatutos y Reglamentos. Normativas.<\/li>\n<li>Licencias deportivas.<\/li>\n<li>Tramitaci\u00f3n de subvenciones.<\/li>\n<li>Concursos p\u00fablicos y licitaciones.<\/li>\n<li>Convenios deportivos con entidades p\u00fablicas y privadas.<\/li>\n<li>Seguros deportivos.<\/li>\n<li>Organizaci\u00f3n de campeonatos y eventos.<\/li>\n<li>Gesti\u00f3n de instalaciones y espacios deportivos.<\/li>\n<li>Titulaciones deportivas.<\/li>\n<li>Procesos electorales.<\/li>\n<li>R\u00e9gimen sancionador. Comit\u00e9s de disciplinas. Instrucciones.<\/li>\n<li>Marketing y publicidad.<\/li>\n<li>Patrocinio y esponsorizaci\u00f3n.<\/li>\n<li>Protecci\u00f3n de datos.<\/li>\n<li>Asesoramiento y documentaci\u00f3n. Auditor\u00edas oficiales.<\/li>\n<li>Recursos y contenciosos.<\/li>\n<li>Asistencia letrada.<\/li>\n<\/ul>\n<h2><span style=\"color: #ff0000;\"><strong>Asesor\u00eda Deportiva FISCAL<\/strong><\/span><\/h2>\n<p>hacemos por ti todo lo relacionado con el asesoramiento, preparaci\u00f3n y tramitaci\u00f3n de las obligaciones que correspondan a tu club o federaci\u00f3n, peri\u00f3dicas o espor\u00e1dicas, ante las Administraciones Estatales, Auton\u00f3micas y Locales.<\/p>\n<p><span style=\"color: #339966;\"><strong>\u00bfEn qu\u00e9 podemos ayudarte?<\/strong><\/span><\/p>\n<ul>\n<li>Control de calendario fiscal<\/li>\n<li>Obtenci\u00f3n del C.I.F.<\/li>\n<li>Declaraciones de Impuesto de Valor A\u00f1adido (IVA).<\/li>\n<li>Declaraciones del Impuesto de Sociedades.<\/li>\n<li>Declaraci\u00f3n del Impuesto sobre la Renta de las Personas F\u00edsicas.<\/li>\n<li>Impuesto sobre Transmisiones Patrimoniales<\/li>\n<li>Impuesto sobre Sucesiones y Donaciones.<\/li>\n<li>Impuesto sobre Actividades Econ\u00f3micas.<\/li>\n<li>Otros Impuestos, tasas y exacciones municipales (Incremento del valor de los terrenos de naturaleza urbana, Impuesto sobre Bienes Inmuebles\u2026).<\/li>\n<li>Certificados corriente de pagos.<\/li>\n<li>Pagos fraccionados.<\/li>\n<li>Declaraci\u00f3n de retenci\u00f3n de alquileres.<\/li>\n<li>Rendimientos Capital Mobiliario.<\/li>\n<li>Recursos y contenciosos.<\/li>\n<li>Asistencia y representaci\u00f3n ante posibles actuaciones inspectoras, requerimientos, sanciones, recargos y aplazamientos.<\/li>\n<li>Preparaci\u00f3n de la documentaci\u00f3n requerida por auditor\u00edas.<\/li>\n<li>Asistencia y defensa letrada.<\/li>\n<\/ul>\n<h2><span style=\"color: #ff0000;\"><strong>Asesor\u00eda Deportiva<\/strong>\u00a0<strong>CONTABLE<\/strong><\/span><\/h2>\n<p>donde te\u00a0 aseguramos el buen funcionamiento de tu Club o Federaci\u00f3n en este apartado con la gesti\u00f3n de todo lo relacionado con el \u00e1mbito contable, una dilatada experiencia en el sector nos avalan.<\/p>\n<p><span style=\"color: #339966;\"><strong>\u00bfEn qu\u00e9 podemos ayudarte?<\/strong><\/span><\/p>\n<ul>\n<li>Contabilidad de Sociedades, Asociaciones y Personas F\u00edsicas<\/li>\n<li>Actualizaci\u00f3n y puesta al d\u00eda contabilidades atrasadas.<\/li>\n<li>An\u00e1lisis econ\u00f3mico y financiero.<\/li>\n<li>An\u00e1lisis de balances y cuentas de explotaci\u00f3n.<\/li>\n<li>Consolidaci\u00f3n de balances.<\/li>\n<li>Elaboraci\u00f3n de Balances de Situaci\u00f3n y Cuentas de P\u00e9rdidas y Ganancias.<\/li>\n<li>Contabilidad de costes y an\u00e1lisis de gesti\u00f3n.<\/li>\n<li>Presentaci\u00f3n de libros de contabilidad ante los Organismos pertinentes.<\/li>\n<li>Libro de Facturas recibidas y emitidas.<\/li>\n<li>Dep\u00f3sito de Cuentas Anuales y Legalizaci\u00f3n de Libros en el Registro Mercantil.<\/li>\n<li>Cuadros de Tesorer\u00eda.<\/li>\n<li>Memorias e informes.<\/li>\n<\/ul>\n<h2><span style=\"color: #ff0000;\"><strong>Asesor\u00eda Deportiva<\/strong>\u00a0<strong>LABORAL<\/strong><\/span><\/h2>\n<p>para ayudarte en las tareas de administraci\u00f3n del personal y su documentaci\u00f3n frente a la Administraci\u00f3n, confeccionando toda la documentaci\u00f3n necesaria en cuanto a contratos de trabajo, seguridad social, n\u00f3minas o finiquitos, subvenciones o bonificaciones con respecto a los trabajadores, etc.<\/p>\n<p>Somos tu complemento perfecto en el \u00e1rea de Recursos Humanos para tu Club o Federaci\u00f3n\u00a0y nuestro trabajo siempre estar\u00e1 en consonancia con tus objetivos y necesidades, aportando a tu Club o Federaci\u00f3n las mejores soluciones frente a problemas laborales concretos que puedan surgir en el d\u00eda a d\u00eda.<\/p>\n<p><span style=\"color: #339966;\"><strong>\u00bfEn qu\u00e9 podemos ayudarte?<\/strong><\/span><\/p>\n<ul>\n<li>Asesoramiento en subvenciones y bonificaciones de seguridad social a la contrataci\u00f3n laboral.<\/li>\n<li>Contrataci\u00f3n de personal. Formalizaci\u00f3n y tramitaci\u00f3n de los contratos de trabajo y pr\u00f3rrogas, clausulas especiales.<\/li>\n<li>Contrataci\u00f3n de deportistas profesionales y t\u00e9cnicos deportivos. Profesionales aut\u00f3nomos.<\/li>\n<li>Convenios colectivos.<\/li>\n<li>Alta de empresas y centros de trabajo ante la Autoridad laboral.<\/li>\n<li>Selecci\u00f3n de personal. Evaluaci\u00f3n de puestos de trabajo y del desempe\u00f1o. Planes de formaci\u00f3n del personal. Titulaciones deportivas.<\/li>\n<li>Extinci\u00f3n de contratos de trabajo, c\u00e1lculo de finiquitos y liquidaciones. Expedientes de regulaci\u00f3n de empleo.<\/li>\n<li>Redacci\u00f3n de comunicaci\u00f3n de faltas y sanciones al personal.<\/li>\n<li>Confecci\u00f3n de n\u00f3minas y boletines de cotizaci\u00f3n (Seguridad Social).<\/li>\n<li>Afiliaci\u00f3n a la Seguridad Social (altas, bajas, variaciones\u2026).<\/li>\n<li>Gesti\u00f3n de incidencias y partes de accidentes o incapacidad temporal (enfermedad\u2026).<\/li>\n<li>Procesos de prevenci\u00f3n de riesgos laborales.<\/li>\n<li>Elaboraci\u00f3n y tramitaci\u00f3n de las retenciones del Impuesto sobre la Renta de las Personas F\u00edsicas.<\/li>\n<li>Representaci\u00f3n ante la Inspecci\u00f3n laboral.<\/li>\n<li>Representaci\u00f3n ante el Servicio de Mediaci\u00f3n, Arbitraje y Conciliaci\u00f3n S. M. A. C.<\/li>\n<li>Escritos y recursos ante la Administraci\u00f3n P\u00fablica. Contenciosos. Asistencia y defensa letrada.<\/li>\n<\/ul>\n","protected":false},"excerpt":{"rendered":"<p>En\u00a0AD, Asesor\u00eda Deportiva\u00a0estamos\u00a0especializados en los siguientes campos: Asesor\u00eda Deportiva ADMINISTRATIVA hacemos por ti todo lo relacionado con el asesoramiento, preparaci\u00f3n y tramitaci\u00f3n de las obligaciones administrativas que correspondan a tu club o federaci\u00f3n, peri\u00f3dicas o espor\u00e1dicas, ante las Administraciones Estatales, Auton\u00f3micas y Locales. As\u00ed mismo, como expertos en gesti\u00f3n de instalaciones deportivas, preparamos proyectos viables, &hellip; <a href=\"https:\/\/asesoriadeportiva.es\/?page_id=42\" class=\"more-link\">Seguir leyendo <span class=\"screen-reader-text\">Servicios<\/span> <span class=\"meta-nav\">&rarr;<\/span><\/a><\/p>\n","protected":false},"author":1,"featured_media":0,"parent":0,"menu_order":0,"comment_status":"closed","ping_status":"closed","template":"","meta":{"footnotes":""},"class_list":["post-42","page","type-page","status-publish","hentry"],"yoast_head":"<!-- This site is optimized with the Yoast SEO plugin v25.9 - https:\/\/yoast.com\/wordpress\/plugins\/seo\/ -->\n<title>Servicios - Asesor\u00eda Deportiva<\/title>\n<meta name=\"description\" content=\"AD, Asesor\u00eda Deportiva es tu socio integral para gestionar con \u00e9xito el \u00e1mbito administrativo, fiscal, contable y laboral de tu club o federaci\u00f3n. Con experiencia espec\u00edfica en el sector deportivo, nos adaptamos a tus necesidades para que t\u00fa te enfoques en lo que realmente importa: el deporte.\" \/>\n<meta name=\"robots\" content=\"index, follow, max-snippet:-1, max-image-preview:large, max-video-preview:-1\" \/>\n<link rel=\"canonical\" href=\"https:\/\/asesoriadeportiva.es\/?page_id=42\" \/>\n<meta property=\"og:locale\" content=\"es_ES\" \/>\n<meta property=\"og:type\" content=\"article\" \/>\n<meta property=\"og:title\" content=\"Servicios - Asesor\u00eda Deportiva\" \/>\n<meta property=\"og:description\" content=\"AD, Asesor\u00eda Deportiva es tu socio integral para gestionar con \u00e9xito el \u00e1mbito administrativo, fiscal, contable y laboral de tu club o federaci\u00f3n. Con experiencia espec\u00edfica en el sector deportivo, nos adaptamos a tus necesidades para que t\u00fa te enfoques en lo que realmente importa: el deporte.\" \/>\n<meta property=\"og:url\" content=\"https:\/\/asesoriadeportiva.es\/?page_id=42\" \/>\n<meta property=\"og:site_name\" content=\"Asesor\u00eda Deportiva\" \/>\n<meta property=\"article:modified_time\" content=\"2025-09-23T12:26:12+00:00\" \/>\n<meta property=\"og:image\" content=\"https:\/\/asesoriadeportiva.es\/wp-content\/uploads\/2016\/05\/cropped-logo1-1-e1464608856999.jpg\" \/>\n\t<meta property=\"og:image:width\" content=\"423\" \/>\n\t<meta property=\"og:image:height\" content=\"121\" \/>\n\t<meta property=\"og:image:type\" content=\"image\/jpeg\" \/>\n<meta name=\"twitter:card\" content=\"summary_large_image\" \/>\n<meta name=\"twitter:label1\" content=\"Tiempo de lectura\" \/>\n\t<meta name=\"twitter:data1\" content=\"4 minutos\" \/>\n<script type=\"application\/ld+json\" class=\"yoast-schema-graph\">{\"@context\":\"https:\/\/schema.org\",\"@graph\":[{\"@type\":\"WebPage\",\"@id\":\"https:\/\/asesoriadeportiva.es\/?page_id=42\",\"url\":\"https:\/\/asesoriadeportiva.es\/?page_id=42\",\"name\":\"Servicios - Asesor\u00eda Deportiva\",\"isPartOf\":{\"@id\":\"https:\/\/asesoriadeportiva.es\/#website\"},\"datePublished\":\"2016-05-31T09:44:09+00:00\",\"dateModified\":\"2025-09-23T12:26:12+00:00\",\"description\":\"AD, Asesor\u00eda Deportiva es tu socio integral para gestionar con \u00e9xito el \u00e1mbito administrativo, fiscal, contable y laboral de tu club o federaci\u00f3n. Con experiencia espec\u00edfica en el sector deportivo, nos adaptamos a tus necesidades para que t\u00fa te enfoques en lo que realmente importa: el deporte.\",\"breadcrumb\":{\"@id\":\"https:\/\/asesoriadeportiva.es\/?page_id=42#breadcrumb\"},\"inLanguage\":\"es\",\"potentialAction\":[{\"@type\":\"ReadAction\",\"target\":[\"https:\/\/asesoriadeportiva.es\/?page_id=42\"]}]},{\"@type\":\"BreadcrumbList\",\"@id\":\"https:\/\/asesoriadeportiva.es\/?page_id=42#breadcrumb\",\"itemListElement\":[{\"@type\":\"ListItem\",\"position\":1,\"name\":\"Portada\",\"item\":\"https:\/\/asesoriadeportiva.es\/\"},{\"@type\":\"ListItem\",\"position\":2,\"name\":\"Servicios\"}]},{\"@type\":\"WebSite\",\"@id\":\"https:\/\/asesoriadeportiva.es\/#website\",\"url\":\"https:\/\/asesoriadeportiva.es\/\",\"name\":\"Asesor\u00eda Deportiva\",\"description\":\"Especialistas en Clubes y Federaciones Deportivas\",\"publisher\":{\"@id\":\"https:\/\/asesoriadeportiva.es\/#organization\"},\"alternateName\":\"Consultor\u00eda Deportiva\",\"potentialAction\":[{\"@type\":\"SearchAction\",\"target\":{\"@type\":\"EntryPoint\",\"urlTemplate\":\"https:\/\/asesoriadeportiva.es\/?s={search_term_string}\"},\"query-input\":{\"@type\":\"PropertyValueSpecification\",\"valueRequired\":true,\"valueName\":\"search_term_string\"}}],\"inLanguage\":\"es\"},{\"@type\":\"Organization\",\"@id\":\"https:\/\/asesoriadeportiva.es\/#organization\",\"name\":\"Asesor\u00eda Deportiva\",\"alternateName\":\"Consultor\u00eda Deportiva\",\"url\":\"https:\/\/asesoriadeportiva.es\/\",\"logo\":{\"@type\":\"ImageObject\",\"inLanguage\":\"es\",\"@id\":\"https:\/\/asesoriadeportiva.es\/#\/schema\/logo\/image\/\",\"url\":\"https:\/\/asesoriadeportiva.es\/wp-content\/uploads\/2016\/05\/cropped-logo1-1-e1464608856999.jpg\",\"contentUrl\":\"https:\/\/asesoriadeportiva.es\/wp-content\/uploads\/2016\/05\/cropped-logo1-1-e1464608856999.jpg\",\"width\":423,\"height\":121,\"caption\":\"Asesor\u00eda Deportiva\"},\"image\":{\"@id\":\"https:\/\/asesoriadeportiva.es\/#\/schema\/logo\/image\/\"}}]}<\/script>\n<!-- \/ Yoast SEO plugin. -->","yoast_head_json":{"title":"Servicios - Asesor\u00eda Deportiva","description":"AD, Asesor\u00eda Deportiva es tu socio integral para gestionar con \u00e9xito el \u00e1mbito administrativo, fiscal, contable y laboral de tu club o federaci\u00f3n. Con experiencia espec\u00edfica en el sector deportivo, nos adaptamos a tus necesidades para que t\u00fa te enfoques en lo que realmente importa: el deporte.","robots":{"index":"index","follow":"follow","max-snippet":"max-snippet:-1","max-image-preview":"max-image-preview:large","max-video-preview":"max-video-preview:-1"},"canonical":"https:\/\/asesoriadeportiva.es\/?page_id=42","og_locale":"es_ES","og_type":"article","og_title":"Servicios - Asesor\u00eda Deportiva","og_description":"AD, Asesor\u00eda Deportiva es tu socio integral para gestionar con \u00e9xito el \u00e1mbito administrativo, fiscal, contable y laboral de tu club o federaci\u00f3n. Con experiencia espec\u00edfica en el sector deportivo, nos adaptamos a tus necesidades para que t\u00fa te enfoques en lo que realmente importa: el deporte.","og_url":"https:\/\/asesoriadeportiva.es\/?page_id=42","og_site_name":"Asesor\u00eda Deportiva","article_modified_time":"2025-09-23T12:26:12+00:00","og_image":[{"width":423,"height":121,"url":"https:\/\/asesoriadeportiva.es\/wp-content\/uploads\/2016\/05\/cropped-logo1-1-e1464608856999.jpg","type":"image\/jpeg"}],"twitter_card":"summary_large_image","twitter_misc":{"Tiempo de lectura":"4 minutos"},"schema":{"@context":"https:\/\/schema.org","@graph":[{"@type":"WebPage","@id":"https:\/\/asesoriadeportiva.es\/?page_id=42","url":"https:\/\/asesoriadeportiva.es\/?page_id=42","name":"Servicios - Asesor\u00eda Deportiva","isPartOf":{"@id":"https:\/\/asesoriadeportiva.es\/#website"},"datePublished":"2016-05-31T09:44:09+00:00","dateModified":"2025-09-23T12:26:12+00:00","description":"AD, Asesor\u00eda Deportiva es tu socio integral para gestionar con \u00e9xito el \u00e1mbito administrativo, fiscal, contable y laboral de tu club o federaci\u00f3n. Con experiencia espec\u00edfica en el sector deportivo, nos adaptamos a tus necesidades para que t\u00fa te enfoques en lo que realmente importa: el deporte.","breadcrumb":{"@id":"https:\/\/asesoriadeportiva.es\/?page_id=42#breadcrumb"},"inLanguage":"es","potentialAction":[{"@type":"ReadAction","target":["https:\/\/asesoriadeportiva.es\/?page_id=42"]}]},{"@type":"BreadcrumbList","@id":"https:\/\/asesoriadeportiva.es\/?page_id=42#breadcrumb","itemListElement":[{"@type":"ListItem","position":1,"name":"Portada","item":"https:\/\/asesoriadeportiva.es\/"},{"@type":"ListItem","position":2,"name":"Servicios"}]},{"@type":"WebSite","@id":"https:\/\/asesoriadeportiva.es\/#website","url":"https:\/\/asesoriadeportiva.es\/","name":"Asesor\u00eda Deportiva","description":"Especialistas en Clubes y Federaciones Deportivas","publisher":{"@id":"https:\/\/asesoriadeportiva.es\/#organization"},"alternateName":"Consultor\u00eda Deportiva","potentialAction":[{"@type":"SearchAction","target":{"@type":"EntryPoint","urlTemplate":"https:\/\/asesoriadeportiva.es\/?s={search_term_string}"},"query-input":{"@type":"PropertyValueSpecification","valueRequired":true,"valueName":"search_term_string"}}],"inLanguage":"es"},{"@type":"Organization","@id":"https:\/\/asesoriadeportiva.es\/#organization","name":"Asesor\u00eda Deportiva","alternateName":"Consultor\u00eda Deportiva","url":"https:\/\/asesoriadeportiva.es\/","logo":{"@type":"ImageObject","inLanguage":"es","@id":"https:\/\/asesoriadeportiva.es\/#\/schema\/logo\/image\/","url":"https:\/\/asesoriadeportiva.es\/wp-content\/uploads\/2016\/05\/cropped-logo1-1-e1464608856999.jpg","contentUrl":"https:\/\/asesoriadeportiva.es\/wp-content\/uploads\/2016\/05\/cropped-logo1-1-e1464608856999.jpg","width":423,"height":121,"caption":"Asesor\u00eda Deportiva"},"image":{"@id":"https:\/\/asesoriadeportiva.es\/#\/schema\/logo\/image\/"}}]}},"_links":{"self":[{"href":"https:\/\/asesoriadeportiva.es\/index.php?rest_route=\/wp\/v2\/pages\/42","targetHints":{"allow":["GET"]}}],"collection":[{"href":"https:\/\/asesoriadeportiva.es\/index.php?rest_route=\/wp\/v2\/pages"}],"about":[{"href":"https:\/\/asesoriadeportiva.es\/index.php?rest_route=\/wp\/v2\/types\/page"}],"author":[{"embeddable":true,"href":"https:\/\/asesoriadeportiva.es\/index.php?rest_route=\/wp\/v2\/users\/1"}],"replies":[{"embeddable":true,"href":"https:\/\/asesoriadeportiva.es\/index.php?rest_route=%2Fwp%2Fv2%2Fcomments&post=42"}],"version-history":[{"count":6,"href":"https:\/\/asesoriadeportiva.es\/index.php?rest_route=\/wp\/v2\/pages\/42\/revisions"}],"predecessor-version":[{"id":121,"href":"https:\/\/asesoriadeportiva.es\/index.php?rest_route=\/wp\/v2\/pages\/42\/revisions\/121"}],"wp:attachment":[{"href":"https:\/\/asesoriadeportiva.es\/index.php?rest_route=%2Fwp%2Fv2%2Fmedia&parent=42"}],"curies":[{"name":"wp","href":"https:\/\/api.w.org\/{rel}","templated":true}]}}